e greatest common divisor of 8 and c.
8
Let b = 4 - -20. Let f = b - 40. Let d be 6/(-4)*f/6. Calculate the highest common divisor of 2 and d.
2
Suppose -4*p - 24 = 8. Let q = p + 10. Suppose n = -q*n + 81. Calculate the highest common factor of n and 18.
9
Suppose 2*l + 2 + 0 = 0. Let p be l/(-2)*-6 + 68. Let r = -36 + 62. Calculate the highest common divisor of r and p.
13
Suppose -p = -4*f + 514 - 1392, 2*f - p = -438. Let b be f/(-6) + 12/(-18). Calculate the greatest common factor of 9 and b.
9
Suppose 235*z - 246*z + 2112 = 0. Calculate the highest common divisor of z and 84.
12
Let w = -107 + 178. What is the greatest common divisor of 355 and w?
71
Suppose m - 17 = 3. Let g be 3 - (18/8)/((-4)/432). Let k = -86 + g. Calculate the highest common divisor of k and m.
20
Let l be (-51)/(-2) + 42/28. Let h be (-3)/(-15)*-2 + 2708/20. Calculate the greatest common factor of h and l.
27
Let v = -8 - 29. Let d = 40 + v. Calculate the greatest common divisor of d and 33.
3
Suppose 9 = -3*i + 12. Suppose 0*b = 2*b - 6. Suppose -b*k + 3 = -2*k. Calculate the greatest common divisor of i and k.
1
Suppose -10*i = -0*i + 90. Suppose -5*r - 4*b + 98 + 270 = 0, -4*r - 3*b = -295. Let w = r - i. Calculate the highest common divisor of 34 and w.
17
Suppose j + 33 = 4*q, -5*j - 7 = 4*q - 34. Let o be 2*-1 - (-34 + q). What is the highest common factor of 24 and o?
24
Suppose -9 = f - 4*f - 2*r, -5*f = -5*r - 40. Calculate the highest common factor of f and 35.
5
Suppose 0*d + 3*d - 1944 = 0. Suppose 0 = -14*x + 11*x + d. Let f = -14 - -38. What is the greatest common factor of f and x?
24
Let d(o) = 4*o + 130. Let b be d(0). Let y = -103 + b. Calculate the highest common divisor of y and 54.
27
Let h(o) = 2*o**2 - 52*o + 295. Let n be h(7). Calculate the greatest common factor of 3770 and n.
29
Let o be 4/9*6 - (-44)/33. Let i be o - (-7)/(28/12). Calculate the greatest common divisor of i and 1.
1
Let s be 3*(0 - 10/6). Let v be 0 - (s + 1) - -3. Suppose 0 = 3*a - 7*a + 16, -5*b + 233 = -3*a. What is the greatest common divisor of b and v?
7
Let c = -37 + 24. Let b(u) = u**2 + 13*u + 11. Let k be b(c). Let v = k + 1. Calculate the highest common factor of 60 and v.
12
Let b(n) = -4*n**3 - 6*n**2 - 14 - n**2 + 6 + 3*n**3. Let w be b(-7). Let v = w + 11. What is the greatest common factor of v and 12?
3
Let x(r) = r**3 - 6*r**2 + 18*r - 43. Let k be x(6). Calculate the highest common divisor of k and 117.
13
Suppose 194 = 6*m + 182. Let z = -2 - -11. Calculate the greatest common divisor of z and m.
1
Suppose 5*o - m = 405, o + 5*m = 14 + 41. Let w(z) = -z**3 + z**2 - 2*z. Let g be w(-2). What is the greatest common divisor of o and g?
16
Suppose -5*b = -263 - 62. Calculate the highest common factor of 5 and b.
5
Let h = 2186 - 1514. What is the greatest common factor of h and 126?
42
Let z = 901 + -586. Calculate the greatest common factor of 189 and z.
63
Suppose 3*z + 12 = 0, 4*g - 2*z = -3*z - 16. Let x(n) = -4*n**3 + 7*n + 4. Let i be x(g). What is the highest common divisor of i and 13?
13
Suppose -2*q = -5*x - 1320, -3*x = 2*q + 567 - 1855. Calculate the greatest common factor of q and 100.
50
Let i = 198 - 174. Calculate the highest common divisor of 888 and i.
24
Suppose -5*s + 8*s - 2*u - 165 = 0, -72 = -s - 5*u. Calculate the greatest common factor of 437 and s.
19
Let c = 22 + -16. Let f(v) = v**2 - 3*v - 7. Let w be f(c). Calculate the highest common divisor of 121 and w.
11
Suppose 0 = 3*k - k. Suppose 0 = 2*w - 7 - 3, -2*j - 2*w + 12 = k. Let t = -93 + 98. What is the highest common factor of t and j?
1
Suppose 10 - 30 = 5*z. Let m be (z/(-8) + -1)*(-14)/1. What is the highest common divisor of m and 7?
7
Let o be (-1 + (-4)/8)*-4. Let k be 7/((-35)/(-15))*o. Suppose -q = r - 1, -3*q = -0*q - r - 7. What is the highest common factor of q and k?
2
Let d be 50/(-4)*(-12)/(-2). Let y be d/10*14/(-5). What is the greatest common factor of y and 6?
3
Let p(g) = 4*g - 27. Let n = 159 - 151. Let t be p(n). What is the highest common divisor of t and 20?
5
Suppose 194 + 414 = 8*y. Calculate the highest common divisor of 152 and y.
76
Let q(c) = 3*c - 40. Let s be q(16). Suppose 9*l = s*l + 4. Calculate the greatest common factor of 10 and l.
2
Suppose 19*r + 750 = 14107. What is the greatest common divisor of 37 and r?
37
Let d = -12 + 11. Let b be (-7)/((-98)/(-12))*(-22 - d). Suppose 0 = -f + 4*h + 29, 3*f = -2*h + 112 + 31. Calculate the greatest common divisor of f and b.
9
Let o = 233 - 23. What is the highest common divisor of 30 and o?
30
Suppose 0 = -2*x - 2*x. Suppose x*z = 3*z - 27. What is the highest common divisor of z and 9?
9
Let j be (-1)/3 + 155/15. Suppose 3*x - 4*y - 26 = 0, -5*x + 0*x + 45 = -5*y. Calculate the highest common factor of x and j.
10
Suppose -3*n - 4*f - 107 = -2*f, -f = -5*n - 200. Let k = -30 - n. Suppose 2*a - 12 = 6. What is the highest common factor of k and a?
9
Let y(t) = 4*t - 4. Let v be y(2). Let n be 2158/91 - v/(-14). Let z be -24*9/6*-2. Calculate the highest common divisor of z and n.
24
Suppose -48 = h + 37. Let k = -49 - h. Calculate the highest common factor of k and 396.
36
Let m be (-117)/6*(-132)/18. Suppose 0*b - 50 = -4*v - 2*b, 5*b - 21 = -2*v. Calculate the highest common divisor of m and v.
13
Let u be (-9)/9*-734 - -7. Calculate the highest common divisor of u and 57.
57
Let h(a) = -16*a - 222. Let d be h(-20). What is the highest common divisor of d and 56?
14
Let m be (5 + -1)*(-9)/(-2). Let v be -8*(39/18)/13*-3. Let w be m/v*(4 + -2). What is the greatest common factor of w and 6?
3
Let n = 35 + -34. Let y be (-44)/(-55)*n*15. What is the greatest common divisor of y and 4?
4
Suppose -13 = -w + 3. Suppose o - w = 4*q + 21, -3*o + 143 = 4*q. Suppose 2*b - 5*n = o + 9, -4*n = 4*b - 80. What is the greatest common factor of b and 22?
22
Suppose 0 = -5*n - 3*s - 82, 4*s = -5*n - 95 + 9. Let b = n + 24. Let d be (-11)/(-2) - ((-42)/4)/(-7). What is the highest common divisor of d and b?
2
Suppose 5*p = a - 84, -5*a = -7*p + 2*p - 480. Suppose 2*l + l - 33 = 0. Calculate the greatest common factor of a and l.
11
Let p(v) = -v - 5. Let h be p(-8). Let g(u) = u**2 + 2*u + 12. Let q = 22 + -27. Let s be g(q). What is the greatest common factor of s and h?
3
Suppose 0 = -19*q - 4*q + 184. What is the greatest common factor of 248 and q?
8
Let s = 1 - 1. Suppose -5*r + 3 + 17 = s. Let d be 0 - 96/(-8 + 5). Calculate the highest common factor of d and r.
4
Let c = -21 - -39. Suppose -4*y + x = -0*x - 500, 0 = x - 4. Calculate the highest common divisor of c and y.
18
Suppose -3*f = -22 - 53. Suppose -16*g = -f*g + 360. Calculate the highest common factor of 30 and g.
10
Suppose -31*b + 38*b - 448 = 0. Calculate the highest common factor of 8 and b.
8
Let p = 166 - 61. Suppose x - 5*w = 35, 0 = 4*w - 1 + 17. What is the greatest common factor of x and p?
15
Let g(f) = f**3 + 16*f**2 + 15*f - 14. Let c be g(-14). What is the highest common factor of 28 and c?
28
Let r(f) = -191*f - 107. Let h be r(-2). Calculate the highest common factor of 22 and h.
11
Let v be (124*-1)/(-4) + -3 + -1. Suppose 2*z - 111 + v = 0. What is the greatest common divisor of z and 14?
14
Suppose -4*z - 16 = -4*x, 5 = 3*x - 2*z - 2. Let j(v) = -21*v**3 - v**2 - 2*v - 2. Let h be j(x). What is the greatest common factor of 10 and h?
10
Suppose -3*d - 5*v = -273, -8*v = 5*d - 3*v - 455. What is the highest common factor of d and 26?
13
Let y(l) = l**3 - 6*l**2 - 21*l + 2. Let w be y(9). Calculate the greatest common factor of 182 and w.
14
Suppose u - 5*m = 25, -5*u = -0*u - 2*m - 194. Calculate the highest common factor of 280 and u.
40
Let v be 492/14 - (-3 + (-132)/(-42)). Calculate the greatest common divisor of 350 and v.
35
Let s = 90 - 90. Suppose s = 6*d - 561 - 39. Calculate the greatest common factor of d and 40.
20
Suppose -3*a = -o - 52, 4*o - 3*a + 189 + 64 = 0. Let v = -39 - o. Calculate the highest common factor of 14 and v.
14
Suppose -5*q - 13*l + 550 = -11*l, 2*q - 199 = -5*l. What is the greatest common divisor of q and 8?
8
Let a(d) = 4*d + 5. Let v be a(3). Suppose 179 = 4*r - 1789. Let g = r - 305. Calculate the highest common divisor of v and g.
17
Let r = -5 - -9. Suppose 5*d - r*j = d + 16, 20 = 